 and k.
26
Let m be 0 + -3 + (-24)/(-3). Let y(b) = -b**2 - 5*b + 4. Let s be y(-3). Let f be 38*m/s*1. Calculate the greatest common factor of f and 57.
19
Let i = -400 - -179. Let m = i + 254. What is the greatest common factor of 825 and m?
33
Let t(o) = -2*o + 20. Let m be t(11). Let j be (m/4)/(16/(-160)). Let u be j + -1 + (-200)/(-2). What is the highest common divisor of 13 and u?
13
Let f(w) = -w + 470. Let c be f(-23). Calculate the highest common divisor of 145 and c.
29
Suppose 0 = u - 3*u - 46. Let i be -4 + -1 - (-97 - u). Let v be (i - 6)*6/7. What is the greatest common factor of v and 432?
54
Suppose 4*t = -2*o + 212, -o = 2*t + 2*o - 98. Let l be (0*(-1)/3 - 4) + t. What is the highest common divisor of l and 68?
17
Suppose 22 = 3*p - 38. Let f = 5526 + -5518. What is the highest common factor of p and f?
4
Let o = -74 - -137. Suppose 0 = -75*h + 61*h + 126. What is the highest common divisor of h and o?
9
Let f be 12/(-2) + (-4114)/(-242). What is the highest common divisor of 671 and f?
11
Let m = 27 + -25. Suppose 0 = -m*c + 4*t, 5 + 1 = 3*t. What is the greatest common factor of 3 and c?
1
Suppose h + 4*v + 81 = 160, 0 = -h + 4*v + 103. Calculate the greatest common factor of 26 and h.
13
Let a be ((-184)/(-10))/((-145)/(-2900)). What is the greatest common divisor of a and 23?
23
Let x be 2*1 + 11/(20 - 9). Suppose 5*g - u - 83 = 0, x*g - 63 = 18*u - 13*u. What is the greatest common divisor of g and 208?
16
Suppose 2325 = -2*t + 2381. Suppose -9*b + 280 = -b. What is the greatest common factor of t and b?
7
Suppose 7117 = 4*h + 5821. What is the highest common factor of h and 384?
12
Let z be -1 - -5*(320 + 3). What is the greatest common factor of z and 24?
6
Let p = 14103 - 10126. Calculate the highest common factor of p and 123.
41
Suppose -2*z - 2*s = 2*z + 3*s - 3420, -5*s = 0. What is the highest common factor of 405 and z?
45
Let v be 4/16*-4*-1. Let j be 81/(-45)*(v - 26). What is the highest common factor of 75 and j?
15
Let o be (1/4)/((-15)/(-120)). Suppose 21 - 57 = 4*q. Let p be (-12)/q*15/o. What is the greatest common divisor of p and 2?
2
Let s(t) = -t + 22. Let z be s(12). Suppose -z*y + 8*y - 150 = 0. Let a be (48/15)/((-2)/y). What is the highest common divisor of a and 15?
15
Let r(a) = 189*a - 2992. Let x be r(16). Calculate the highest common factor of 368 and x.
16
Suppose 4*g + 2*i - 18125 = 22939, -5*g - 4*i = -51318. What is the greatest common divisor of g and 20?
10
Suppose -2*z + 354 = 2*v, -4*z + 77 - 61 = 0. What is the greatest common divisor of v and 12975?
173
Let f = 388 - 386. Let m(l) = 2*l**3 + 2*l**2 + 7*l - 7. Let d be m(f). Calculate the greatest common factor of 1 and d.
1
Suppose -2*l + 817 = -695. Let d = -924 + 1092. Calculate the greatest common factor of d and l.
84
Let p be (-4 - (-3436)/26) + (-80)/520. What is the highest common divisor of p and 196?
4
Let c = 76 - 110. Let u = 27 - c. Let d be -1 + -2 + u + -1. Calculate the greatest common divisor of d and 38.
19
Suppose 0 = -3*f + 3, 5*z + 4*f + 37 - 66 = 0. Suppose -z*y + 5*x = -140, 9*y = 13*y - 3*x - 117. What is the highest common divisor of 209 and y?
11
Let v(r) be the first derivative of 29 + 3*r + 27/2*r**2. Let i be v(1). Calculate the highest common factor of 60 and i.
30
Let w = 182 + 31. Suppose w + 123 = 2*r. Let b(o) = -o**3 - 89*o**2 - 279*o - 39. Let i be b(-3). What is the greatest common divisor of i and r?
24
Let k(h) = -2*h + 9. Let x be k(6). Let g = 14 - x. Let v be g*11 + 7/((-14)/(-4)). Calculate the highest common divisor of 21 and v.
21
Suppose 4*u + 16 = 0, -3*r + u + 1064 = 2*r. Suppose -6*a + 14 - r = 0. Let c be 21/(-7) + (-3)/3*a. Calculate the highest common divisor of c and 40.
10
Suppose j - 754 = -2*j - m, -1008 = -4*j - 2*m. Suppose 3*o + 231 + 255 = 0. Let y = j + o. What is the greatest common factor of 8 and y?
8
Suppose -3*a - 343 = 2*g, 0 = -3*a + g + 119 - 465. Let j = -80 - a. Suppose 2*k = -4 + 18. What is the highest common divisor of j and k?
7
Let b(d) = -2*d - 10. Let a be b(-8). Let s(z) = 2*z**3 + 15*z**2 - 31*z - 18. Let m be s(-9). What is the highest common factor of m and a?
6
Let v = 34 - 43. Let d be (-33)/v + (-2)/(-6). Suppose 20 = 2*x - 3*u + 5, 0 = -d*x + u + 25. Calculate the greatest common divisor of 30 and x.
6
Let p = -15164 - -17604. What is the greatest common divisor of 2318 and p?
122
Let q be (-3)/(-2)*(-6 + 26). Let n = q - 22. What is the greatest common factor of n and 216?
8
Suppose 0 = -34*p + 13712 - 13508. Calculate the greatest common divisor of p and 231.
3
Suppose 4*o + 3*q - 2211 = -0*o, 0 = 3*o - q - 1655. Let j(z) = -4*z**3 - 27*z**2 + 3*z - 4. Let y be j(-7). What is the greatest common factor of o and y?
24
Suppose 2*k + 2 = 6, -78 = -4*q + k. Let v = -15 + q. Suppose -v*y = -2*h - 3*h - 190, 5*y = 3*h + 194. What is the greatest common divisor of y and 120?
40
Let z(c) = c**3 - 13*c**2 - 14*c + 11. Let s(x) = x + 1. Let y be s(-11). Let i = y + 24. Let w be z(i). What is the highest common divisor of 99 and w?
11
Let a(v) = -v - 167. Let h be a(0). Let n = h + 193. What is the highest common factor of n and 65?
13
Suppose 5*v - 346 = -3*a, 243 = 4*v - a - 44. Suppose n + j - 75 = -j, -n + v = -2*j. Let w = n - 55. Calculate the highest common divisor of w and 9.
9
Let t = -661 + 320. Let b = t - -355. What is the greatest common divisor of 658 and b?
14
Let j be (-47)/(1*(-2 + 1)). Suppose -12*r + 8*r = -3*s, 3*r = -s. Let z be (47 + r/3)/((-1)/(-1)). What is the highest common factor of z and j?
47
Let u be 36/36 + 1*6647 + 0. What is the highest common divisor of 48 and u?
24
Let z(k) = 35*k - 166. Let h be z(5). Let t be (h/(-6))/((-24)/592). What is the highest common factor of 296 and t?
37
Let z(t) = -14*t**2 + 8*t**2 - t**3 - 3*t + 2*t + 7*t. Let n be z(-7). Suppose 3 = 4*l - n*l, -4*m + l + 57 = 0. What is the greatest common factor of 84 and m?
14
Let j be 4/(-8)*0/(2/(-2)). Let k be (-1 - (-9 - 4)) + j + 2. Calculate the highest common divisor of k and 14.
14
Let m = 20829 - 19817. Calculate the greatest common divisor of 1196 and m.
92
Suppose 8 = -2*v + 5*a, -3*v + 3*a = -2*v + 6. Let w be (v + 0)/(-3)*(-372)/24. What is the highest common divisor of 496 and w?
31
Suppose 3*m + 0 = -t + 14, -5*m = 0. Suppose -2*z = -18 - t. Suppose 531*k - 14866 = 2126. What is the highest common divisor of z and k?
16
Let k(v) = 11*v - 7 + 12 - 24 - 1 + v**2 + 2*v**2. Let y be k(-8). What is the highest common factor of 378 and y?
42
Let r be (0 - -3) + (-265 - -26). Suppose -3*c - 51 = 4*y - 14, 3*y + 25 = -2*c. Let m = c - r. What is the highest common divisor of m and 25?
25
Let q = 101 - 98. Suppose 5*f + 183 = 6*t - q*t, f + 3 = 0. What is the greatest common divisor of t and 28?
28
Let q = 41 - 37. Let x be -4*(0 + q*(-2)/4). Calculate the greatest common factor of 44 and x.
4
Let v(c) = 2*c - 18. Let k be v(9). Suppose k = -13*y + y + 24. Let d(x) = x**2 + 6*x + 7. Let g be d(-5). What is the highest common divisor of g and y?
2
Suppose 0 = 5*i - o + 77, -2*i - 34 = -0*o - 2*o. Let m be 575/i - 12/(-9). Let q = m + 39. What is the highest common divisor of q and 2?
2
Suppose -85*c + 48*c = -43*c + 6. What is the greatest common factor of 821 and c?
1
Suppose 15*r - 112 - 56 - 192 = 0. What is the greatest common divisor of 4188 and r?
12
Let o = -140 - -157. Suppose j - o = -3*n, 4*n + n - 3*j = 5. Calculate the greatest common divisor of n and 12.
4
Suppose 20019*u = 20009*u + 1590. Calculate the highest common factor of 1325 and u.
53
Let p be (5070/(-312))/(1/(-248)). Calculate the greatest common factor of 130 and p.
130
Let k be ((-3)/(-4))/((-3)/12). Let n(x) = -18 - 2*x**2 - 18 + 54 - x**3 - 17. Let m be n(k). Calculate the highest common factor of 15 and m.
5
Let f be (-2)/(-7) - 6440/(-98). Let h be (((-77)/4)/((-1)/(-4)))/(-80 - -79). Calculate the greatest common divisor of h and f.
11
Suppose -70 = -m - 4*u, -5*m + 431 - 33 = -4*u. Suppose y + 9 = m. Calculate the highest common factor of y and 23.
23
Suppose 2*f - 16*a + 15*a - 266 = 0, 20 = 5*a. What is the greatest common divisor of 10935 and f?
135
Let o be 48/(-120)*20 + 184. What is the greatest common divisor of o and 3256?
88
Suppose 2531*y + 5*k - 18315 =